96, 3*d + 15 = 0. Suppose 19*f = l*f - 1211. Suppose 0 = 3*q - 202 - f. List the prime factors of q.
5
Let o = -4 + 7. Let v = -944 + 1061. Suppose 3*p - 5*b - v = -4*b, 0 = b + o. List the prime factors of p.
2, 19
Let i(b) = 155*b - 4431. List the prime factors of i(79).
2, 3907
Suppose -x + i = -37, 0 = -0*x + 3*x - i - 117. Suppose 0 = -5*m - 614 + 1214. Suppose 2*d - x = m. List the prime factors of d.
2, 5
Let q = 81592 + -52149. List the prime factors of q.
29443
Let m be 2 - 4/(1 + 3)*-1. Suppose 0 = -5*k + 3*g + 1413, k + 142 - 415 = m*g. Suppose 95 = s - 4*v, -2*s - k = -6*s - 3*v. What are the prime factors of s?
3, 5
Suppose 4*p - 5*l - 61288 = 0, -l = 89*p - 86*p - 45985. List the prime factors of p.
3, 13, 131
Suppose -92*o + 3260 = -97*o. Let r = o - -1231. List the prime factors of r.
3, 193
Let j be (4/3)/(36/459). Suppose 12*k = j*k - 1865. What are the prime factors of k?
373
Let h be 3/(-5) + (-74640)/600. What are the prime factors of (-150)/h - 5098/(-10)?
7, 73
Let a(w) = w**2 - 6*w + 7. Let y(t) = t + 14. Let o be y(-11). Suppose n + o*n - 20 = -2*p, 5*n + 4*p - 25 = 0. What are the prime factors of a(n)?
2
Suppose 123 = -2*q - 117. Let b = 447 + -524. Let x = b - q. What are the prime factors of x?
43
Let f(t) = -t**3 + 64*t**2 + 104*t + 797. What are the prime factors of f(64)?
29, 257
Suppose -4*h + 36590 = 2*o, -5*o - 4*h = -36844 - 54619. Suppose o = 101*x - 88*x. What are the prime factors of x?
3, 7, 67
Let p = 35 + -33. Suppose -154 = p*n - 4*n + 3*g, -2*n + 5*g + 162 = 0. Let f = -8 + n. What are the prime factors of f?
3, 7
Suppose 0 = 11*w - 16*w + 45. Let d be (0 + w)/(-3) - 202. Let k = d + 349. List the prime factors of k.
2, 3
Let u be (-11400)/5*(-148)/8. Suppose 5*z = -33*z + u. List the prime factors of z.
2, 3, 5, 37
Suppose 0 = -22*i - 9*x + 6*x + 534480, 4*i - 97184 = -2*x. List the prime factors of i.
2, 3, 4049
Suppose 19*v = 23*v + 344. Let y = v + 65. Let w(b) = -b**2 - 28*b + 33. What are the prime factors of w(y)?
2, 3, 5
Suppose 6 = 2*d - 4*l - 8, 5*d - 21 = -4*l. Suppose -2*m = -3*u + 826, d*u - 5*m + 8*m - 1345 = 0. List the prime factors of u.
2, 17
Let a = -15712 + 23782. What are the prime factors of a?
2, 3, 5, 269
Suppose 26*n - 15*n - 73766 = 0. List the prime factors of n.
2, 7, 479
Let i = -116 + 119. Suppose -6*h - i*h = -846. List the prime factors of h.
2, 47
Let p(t) = -t + 1. Suppose 5*k = -11 - 9. Let s be p(k). Suppose -4*g - 4*d + 300 = 0, s*g - 2*d = -0*g + 410. List the prime factors of g.
2, 5
Suppose -i - 2*f = -48, -3*i - 4*f = i - 200. List the prime factors of i + (-1 - -2) + (3 - 4).
2, 13
Suppose 9*j - 42 = 12. List the prime factors of (j - -1312)*(-5 - (-66)/12).
659
Suppose 16*c + 418 + 1598 = 0. Let l = c - -327. List the prime factors of l.
3, 67
Let v(y) = -19*y - 15. Let f = -15 + 10. Let i be v(f). Suppose -5*z + 265 = b + i, -5*b - 2*z = -971. What are the prime factors of b?
3, 5, 13
Suppose 5*k + 12*g = 14*g + 55097, 3*g = 5*k - 55098. List the prime factors of k.
3, 3673
Let f be (-48)/(-192) + 15/4. Suppose -2*j = -6*j - w + 1566, -2*w = -f. What are the prime factors of j?
17, 23
Let m be 34/8 - (-99)/132. Suppose -519 = 3*b - 5*b + m*d, -b + 287 = 3*d. List the prime factors of b.
2, 17
Let t(d) = d**3 + 114*d**2 - 144*d + 795. What are the prime factors of t(-114)?
3, 5737
Let m be -1 + (-1 - 0) - 12. Suppose -5*p + 52 = 42, -210 = -2*y + 4*p. Let l = m + y. What are the prime factors of l?
5, 19
Let h(c) = -9*c + 25*c**3 + 43 + 5 - 24*c**3 + 11*c**2 - 4. List the prime factors of h(-10).
2, 3, 13
Let x = 61 - 48. List the prime factors of (-22)/(-143) - (-8240)/x.
2, 317
Let u(r) = 1923*r + 9694. What are the prime factors of u(6)?
2, 1327
Let k = 13110 - -50760. What are the prime factors of k?
2, 3, 5, 2129
List the prime factors of 840980/65 - 2 - ((-608)/104 + 6).
2, 3, 7, 11
Let d = 333 + -267. Let z = 179 - d. List the prime factors of z.
113
Suppose 7*k = 303 + 215. Let f = k - -638. What are the prime factors of f?
2, 89
Let m(t) = 4*t**2 - 9*t - 17. Let z be m(-2). Suppose -z*f + 7200 = -5*f. What are the prime factors of f?
2, 3, 5
Let h = -209 + 218. Suppose -1693 = h*q - 13330. What are the prime factors of q?
3, 431
Suppose 25*o + 50 = -0. List the prime factors of (o - (-880)/(-3))/((-98)/147).
443
Suppose 15659 = 2*t + s, -6*t + s = -10*t + 31315. Suppose t = 90*y - 52*y. List the prime factors of y.
2, 103
Let s(z) = 6*z**2 + 14*z - 42. Let i = 32 + -27. What are the prime factors of s(i)?
2, 89
Let k(h) = 376*h - 1020. List the prime factors of k(16).
2, 1249
Let r = 179 - 177. Suppose 6*d + 2529 = 3*o + d, r*d = 5*o - 4215. What are the prime factors of o?
3, 281
Suppose 77*t = 80*t - 4*q - 105576, -30 = 5*q. List the prime factors of t.
2, 3, 733
Suppose 4 = n, -n - 41 = -4*t + 39. Let r = t + -12. Let l(y) = 15*y - 2. List the prime factors of l(r).
7, 19
Let j be ((-11)/(132/228))/(1/(-1)). Suppose -j*a + 9643 = -15380. List the prime factors of a.
3, 439
Let w be ((2/6)/1)/((-1)/(-9)). Suppose -4*a - 420 = -4*n, -2*n - 3*a = -w*n + 105. List the prime factors of (-1)/(-2) + n/6 + 3.
3, 7
Suppose 143110 = -125*g + 180*g. List the prime factors of g.
2, 1301
Let b(c) = 7*c**2 + c + 6. Let h(j) = j - 2*j + 3*j - 26. Let d be h(15). What are the prime factors of b(d)?
2, 61
What are the prime factors of 3 + 48990 + 3*(6 + (-12 - -4))?
3, 5443
List the prime factors of 3 + (-2)/((6/(-58))/(55152/96)).
2, 5, 11, 101
Let g(f) = -f**3 + 22*f**2 + f - 25. Let z be g(22). List the prime factors of 1305/10 + z/6.
2, 5, 13
List the prime factors of 187202/10 + (-456)/(-570).
97, 193
Let c(j) = 27*j**3 + 4*j**2 - j - 6. Let q be c(-3). What are the prime factors of q/(-9) + 2/(-6)?
7, 11
Let m(j) = -j**3 - j**2 + 7*j + 11. Let i be m(-3). Let h(n) = -n**2 + 8*n + 23. List the prime factors of h(i).
23
Let c(a) = -43*a**2 - 4. Let o(h) = -21*h**2 - 2. Let v(u) = 2*c(u) - 5*o(u). Let n be v(-1). What are the prime factors of 1561/n + 1/(-3)?
2, 37
Let a = -308 + 326. Suppose a*s - 4112 = 11170. List the prime factors of s.
3, 283
Let i = -9853 - -21035. What are the prime factors of i?
2, 5591
Suppose -2*c - 2 = -4*u, -3 = -5*c + 2. Let y = -1234 + 1930. List the prime factors of (1 + u + -3)/((-24)/y).
29
What are the prime factors of 74470/(-44)*(-2 + 1 - 2/2)?
5, 677
Suppose 19840 = 4*j - 2*y, 0*j - 2*y + 24791 = 5*j. List the prime factors of j.
3, 19, 29
Suppose 0 = 2041*g - 2040*g + 5*q - 19782, 0 = -4*g + 2*q + 79260. What are the prime factors of g?
2, 3, 13, 127
Let g be 429/21 - (4/(-7) + 1). Suppose -16 + g = i. Suppose -8 = -b + i*y, 3*b = 7*b - 2*y - 74. What are the prime factors of b?
2, 5
Suppose -x = r + 3, -3*r - 4 = -4*x - 30. Let g be (4 + -1 + r)/(0 + 1). Suppose g*o - 2*k = 722, -2 + 0 = 2*k. What are the prime factors of o?
2, 3
Let o = -3314 - -11630. List the prime factors of o.
2, 3, 7, 11
Let n(x) be the third derivative of -x**4/24 + 47*x**2. Let t(q) = -q + 27. Let o(a) = -4*n(a) - t(a). List the prime factors of o(6).
3
Suppose -2*y - 6887 = -3*x, -x + 2292 = -42*y + 45*y. List the prime factors of x.
3, 5, 17
Let z(p) = -2444*p + 3. List the prime factors of z(-13).
5, 31, 41
Suppose -8*t = t - 12357. Suppose t = -9*c + 8240. List the prime factors of c.
7, 109
Let z(k) = k**3 + 6*k**2 + 8*k + 10. Let a be z(-4). Let m be (a/4)/(3/(-30)). What are the prime factors of 10*-5*10/m?
2, 5
Suppose -4*c - 9*c = -4*c. List the prime factors of 650 - c - 5/(-5)*-3.
647
List the prime factors of (6*3/12 + 11)/((-10)/(-6380)).
5, 11, 29
Suppose 752*x - 614*x = 11523552. What are the prime factors of x?
2, 17, 307
Suppose -2*k + 12 = 16. Let w be ((-25)/1)/(k/15)*2. Let s = w - 222. What are the prime factors of s?
3, 17
Suppose -81*y = -191026 - 1218212. List the prime factors of y.
2, 8699
Let b(w) = 53*w - 273. Let m be b(9). Let u = 510 - m. List the prime factors of u.
2, 3, 17
Let t = 50001 + -31998. List the prime factors of t.
3, 17, 353
Let i(q) = 3*q**2 + 2*q - 31. Let t(l) = -l**2 - l - 1. Let m(n) = -i(n) - 5*t(n). Let h be m(-12). Let z = 474 - h. List the prime factors of z.
2, 3, 31
Let q = 503 - 578. Let x = -31 - q. List the prime factors of x.
2, 11
Suppose 16*b - 12*b = -2*s + 39650, 79292 = 4*s + 4